e
Is 154 a factor of 69150184?
False
Is 91 a factor of 10078250?
True
Is 2613625 a multiple of 3457?
False
Is 1101 a factor of 11090373?
True
Is 27 a factor of 978753120?
False
Is 157301896 a multiple of 35?
False
Is 351 a factor of 36844119?
True
Is 56 a factor of 184950268?
False
Is 185 a factor of 13968055?
True
Does 61 divide 94093639?
False
Does 30 divide 1922315550?
True
Does 6 divide 26986170?
True
Is 46994336 a multiple of 1906?
True
Does 26 divide 111191721?
False
Is 15 a factor of 228231921?
False
Does 70 divide 192217060?
True
Does 136 divide 298751472?
True
Is 359733 a multiple of 121?
True
Is 103 a factor of 1946727885?
False
Does 2370 divide 26840250?
True
Does 851 divide 67303037?
True
Is 244896184 a multiple of 103?
False
Does 989 divide 18291727?
False
Is 720153273 a multiple of 293?
True
Does 135 divide 110520585?
True
Does 461 divide 38404270?
False
Is 108346340 a multiple of 772?
True
Is 311 a factor of 146307834?
False
Does 34 divide 60320590?
True
Is 90562187 a multiple of 9?
False
Is 381743432 a multiple of 556?
False
Is 85 a factor of 9802030?
True
Does 619 divide 22525659?
False
Is 17735833 a multiple of 51?
False
Is 225 a factor of 322784550?
True
Is 7036472 a multiple of 8?
True
Does 30 divide 5771910?
True
Is 144548800 a multiple of 1910?
True
Is 204 a factor of 2873206?
False
Does 26 divide 4822304?
False
Is 4 a factor of 4882085?
False
Does 20 divide 21927810?
False
Does 2268 divide 167460048?
True
Does 533 divide 582983011?
False
Is 1645 a factor of 17208536?
False
Is 32 a factor of 23452350?
False
Is 3428 a factor of 1410388896?
True
Is 684 a factor of 19754893?
False
Is 37697187 a multiple of 217?
False
Is 1109660 a multiple of 2?
True
Is 3059549115 a multiple of 865?
True
Is 808 a factor of 290600153?
False
Is 131 a factor of 30761551?
True
Is 264 a factor of 76159517?
False
Does 9 divide 14103549?
True
Is 81 a factor of 12578976?
True
Does 660 divide 859157?
False
Does 152 divide 17957891?
False
Does 307 divide 8683886?
False
Does 2 divide 8128900?
True
Does 35 divide 1391993540?
True
Is 165 a factor of 2157252868?
False
Is 2464 a factor of 983198313?
False
Is 2323 a factor of 5529625063?
True
Is 254911833 a multiple of 9?
True
Is 138 a factor of 170683782?
True
Does 41 divide 86658297?
True
Is 26815726 a multiple of 1611?
False
Is 265502325 a multiple of 25?
True
Is 47816884 a multiple of 42?
False
Is 122126708 a multiple of 374?
True
Does 183 divide 729175029?
True
Is 909932 a multiple of 6?
False
Does 42 divide 15090390?
True
Does 142 divide 20995806?
False
Is 227142864 a multiple of 2613?
True
Is 3680008217 a multiple of 223?
True
Is 6130 a factor of 576999170?
False
Does 186 divide 1416003306?
True
Is 871 a factor of 31081489?
False
Does 27 divide 75751659?
True
Is 10896613 a multiple of 91?
True
Is 44927067 a multiple of 3?
True
Does 12 divide 41512860?
True
Is 213268918 even?
True
Is 287590767 a multiple of 29?
True
Is 58 a factor of 2752709058?
True
Is 418666033 a multiple of 23?
True
Does 3435 divide 3012292335?
True
Is 88424943 a multiple of 1080?
False
Is 29 a factor of 6722224?
False
Is 2027 a factor of 181791209?
False
Does 42 divide 77445312?
True
Does 798 divide 740400360?
True
Does 811 divide 192289443?
False
Is 116 a factor of 886176548?
True
Does 8 divide 352880?
True
Is 113039847 a multiple of 27?
True
Is 6429 a factor of 1034445387?
True
Is 35552752 a multiple of 12?
False
Does 4688 divide 762629776?
True
Does 181 divide 2701634960?
True
Does 18 divide 1127919522?
False
Is 13 a factor of 134272673?
False
Is 750169089 a multiple of 9?
True
Does 12 divide 327633720?
True
Is 726 a factor of 7597660?
False
Is 8602918 a multiple of 89?
True
Does 1003 divide 935122758?
False
Does 2992 divide 1261047216?
True
Does 31 divide 272963494?
True
Does 15 divide 1180690185?
True
Is 10 a factor of 771804646?
False
Does 13 divide 15236143?
True
Is 230 a factor of 16955140?
True
Is 54 a factor of 1159908876?
True
Does 10 divide 12240200?
True
Does 47 divide 264360232?
False
Does 2 divide 1474202?
True
Does 1190 divide 7673413?
False
Does 2996 divide 97106352?
True
Is 2670455145 a multiple of 44?
False
Is 43185874 a multiple of 44?
False
Is 163 a factor of 562064913?
True
Is 5467623752 a multiple of 1304?
True
Does 1805 divide 358949520?
True
Is 781 a factor of 82583721?
True
Is 229854 even?
True
Is 200 a factor of 50557400?
True
Does 675 divide 295162650?
True
Is 370 a factor of 1455463450?
True
Does 218 divide 34906531?
False
Does 203 divide 153824062?
True
Does 533 divide 979654?
True
Is 486964 a multiple of 15?
False
Does 899 divide 45717746?
True
Is 13569310 a multiple of 115?
True
Is 32 a factor of 98178067?
False
Is 178 a factor of 791207213?
False
Is 13342661 even?
False
Is 289 a factor of 1845882304?
True
Does 22 divide 65614833?
False
Is 502886989 a multiple of 1433?
True
Is 574849008 a multiple of 33?
False
Is 81983829 a multiple of 1135?
False
Does 141 divide 1182265551?
False
Does 1473 divide 91595559?
True
Is 241 a factor of 16590199?
True
Is 67289667 a multiple of 716?
False
Is 636 a factor of 27032544?
True
Is 37 a factor of 46587799?
False
Is 47 a factor of 5482033?
True
Does 400 divide 299804900?
False
Is 10974465 a multiple of 15?
True
Does 1680 divide 80397406?
False
Is 2109 a factor of 319976885?
False
Is 371 a factor of 64641927?
True
Is 196940830 a multiple of 155?
True
Is 668424294 a multiple of 401?
False
Is 23 a factor of 1956989331?
False
Is 3626 a factor of 14300288?
False
Is 8 a factor of 4115680?
True
Is 374 a factor of 15716602?
True
Is 463989053 a multiple of 1221?
False
Does 8 divide 15133144?
True
Does 6704 divide 817499168?
True
Is 94 a factor of 111916391?
False
Is 400035606 a multiple of 12?
False
Is 239 a factor of 1201104?
False
Does 903 divide 3543372?
True
Does 2229 divide 1138267827?
True
Does 22 divide 365017730?
True
Is 452 a factor of 819797332?
False
Is 849000 a multiple of 200?
True
Is 536 a factor of 670041173?
False
Is 3172529670 a multiple of 3210?
True
Is 17568110 a multiple of 7?
True
Does 7 divide 49093737?
True
Is 15 a factor of 133136985?
True
Is 97993584 a multiple of 39?
True
Does 10 divide 97730892?
False
Is 1287809639 a multiple of 13?
False
Is 9 a factor of 30179475?
True
Is 879522467 a multiple of 234?
False
Does 6 divide 32733453?
False
Does 634 divide 129225050?
True
Does 79 divide 1221951691?
False
Does 193 divide 88736961?
True
Does 1503 divide 132754693?
False
Is 2541646923 a multiple of 14?
False
Is 4197830 a multiple of 14?
True
Does 162 divide 19277514?
True
Does 341 divide 77075909?
False
Is 391811576 a multiple of 3016?
True
Does 162 divide 167241024?
True
Is 162 a factor of 4494366?
True
Does 70 divide 126684110?
True
Is 2 a factor of 30026797?
False
Does 83 divide 77213406?
True
Is 13282701 a multiple of 1803?
True
Is 110 a factor of 336421250?
True
Does 706 divide 59022306?
True
Is 1109039 a multiple of 7?
False
Is 73446834 a multiple of 17?
True
Is 20 a factor of 219775531?
False
Is 28968167 a multiple of 45?
False
Is 7 a factor of 592467049?
False
Does 103 divide 308010170?
True
Is 404 a factor of 993160472?
True
Is 396819442 a multiple of 1481?
False
Is 48 a factor of 507721200?
True
Does 101 divide 837069214?
True
Is 185 a factor of 96665987?
False
Is 430102459 a multiple of 50?
False
Is 11 a factor of 5330442735?
False
Does 8 divide 84260538?
False
Does 74 divide 58613106?
True
Is 928 a factor of 515405782?
False
Does 1522 divide 155027040?
False
Does 183 divide 31966806?
True
Is 287 a factor of 3518620?
True
Is 32 a factor of 645707680?
True
Is 748866623 a multiple of 33?
False
Is 35957566 a multiple of 35?
False
Is 265 a factor of 23632903?
False
Is 1130357896 a multiple of 30?
False
Is 436716675 a multiple of 4?
False
Is 7 a factor of 31733756?
False
Does 7 divide 19626486?
False
Is 72 a factor of 53277774?
False
Does 16 divide 68263680?
True
Is 315 a factor of 126145040?
False
Does 131 divide 68453002?
True
Is 3535 a factor of 385095830?
True
Does 9 divide 7325026?
False
Does 56 divide 556183544?
True
Is 31855811 a multiple of 580?
False
Is 78997838 a multiple of 283?
False
Is 58 a factor of 417882271?
False
Does 2346 divide 196215599?
False
Is 759515602 a multiple of 2684?
False
Is 18 a factor of 5132188387?
False
Is 5 a